h + (-2)/(-3) is divided by w?
12
Suppose 2*k = -4*g + 698, -425 = -2*k + 4*g + 305. What is the remainder when k is divided by 40?
37
Let t(v) be the second derivative of v**4/12 + 4*v**3/3 + 3*v**2/2 + 14*v. Calculate the remainder when t(4) is divided by 26.
25
Suppose 4*w - s + 10 = 45, s = -5*w + 37. Calculate the remainder when 20 is divided by w.
4
Suppose -4*i - 25 = -3*z, 19 = -2*z + 3*z + 4*i. Let g(t) = -t**2 + 9*t + 12. Let s be g(9). Let f = s - -9. What is the remainder when f is divided by z?
10
Let n = -146 - 54. Suppose -3*z = -231 - 357. Calculate the remainder when 1/(z/n + 1) is divided by 26.
24
Let q(w) = 24*w**2 + 95*w + 8. What is the remainder when 129 is divided by q(-4)?
9
Let c = 20 + -12. Suppose -q + 0*z + 3*z = -2, 4*z = -4*q + 24. What is the remainder when c is divided by q?
3
Suppose -5*l + 3*l + 6 = 0, 5*l = -4*j + 23. Suppose x + j = 7. Suppose 4 = x*r - 201. What is the remainder when r is divided by 14?
13
Suppose 0 = 45*a - 69*a + 96. Let x = -7 + 38. Calculate the remainder when x is divided by a.
3
Let x = -19 + 39. Let z be ((-2)/(-4))/(2/(-8)). Calculate the remainder when 5*(-28)/(-4) - z is divided by x.
17
Calculate the remainder when 49 is divided by 9 - 9 - -35 - -6.
8
Let y be -3*(0 + 2 - (-6)/(-18)). Calculate the remainder when 63 is divided by (-14)/(-70) + (-79)/y.
15
Suppose 20*k + 3*p = 23*k - 540, -k - p + 176 = 0. What is the remainder when k is divided by 46?
40
Suppose -5*n = -2*n - 12. Calculate the remainder when 86 is divided by (-36)/(-3) + 5 - n.
8
Suppose -6*h = -10 - 38. What is the remainder when 63 is divided by h?
7
Suppose -2*o - 4*y = -10, -4*o - 3*y + 20 = -7*y. Suppose 18 = -0*n + 2*n. Calculate the remainder when n is divided by o.
4
Suppose -2*c = -4*z + 76, 0 = -0*z + 4*z - 4*c - 84. Let t(a) = -2*a**2 + 9*a - 3. Let n be t(4). What is the remainder when z is divided by -3*n/(2*(-3)/18)?
8
Calculate the remainder when 5 + 1 - 605/(-5) is divided by 10.
7
Let i = -185 - -241. What is the remainder when 167 is divided by i?
55
Let i(k) = -k**2 - 21*k - 8. Calculate the remainder when i(-10) is divided by 21.
18
Let j = 101 - 61. Suppose -3*d = 7 - j. Calculate the remainder when 20 is divided by d.
9
Calculate the remainder when 71 is divided by (-26 + -3)/(5/(-5)).
13
Let m = -110 + 158. Let w = m + -16. What is the remainder when 125 is divided by w?
29
Let r(d) = -d**2 + 8*d + 3. Let c be (-12)/66 - (-79)/11. What is the remainder when 27 is divided by r(c)?
7
Let b = 10 - -1. Let d = b + -6. Let t(a) = -2*a - 43. What is the remainder when d is divided by t(-23)?
2
Calculate the remainder when ((-102)/(-24))/(6/(-720)*-5) is divided by 32.
6
Let n = 694 - 669. What is the remainder when 210 is divided by n?
10
Suppose 3*r = 2*i - 0*i - 24, -42 = -5*i + 3*r. Calculate the remainder when 82 is divided by i.
4
Suppose 0 = 5*d - 3*z - 47, 2*z + 2*z = d - 23. Calculate the remainder when 4 is divided by 2 - 8/d - 4/(-28).
0
Suppose -2*y + 47 = -17. Let m = -30 + y. Suppose m*s + 28 = 76. What is the remainder when s is divided by 9?
6
Let f = 75 - 55. What is the remainder when 197 is divided by f/((-63)/(-54) - (-4)/(-6))?
37
Let x(r) = 8*r**2 - 3. Let k be (-2 + -2)*((-3)/(-6) - 1). What is the remainder when x(k) is divided by 5?
4
Let x = 38 + -22. Suppose -6*d + 478 - 100 = 0. What is the remainder when d is divided by x?
15
Let h(r) = -r - 10. Let j be h(-5). Let n = -12 + j. Let i = 24 + n. Calculate the remainder when 13 is divided by i.
6
Let x(l) = l**3 + 13*l**2 + 14*l + 1. Let f(r) = -4*r - 27. Let c be f(-4). What is the remainder when x(c) is divided by 25?
14
Suppose 0 = -650*i + 644*i + 90. Calculate the remainder when i is divided by 8 - (-1 - (-1 + 1)).
6
Suppose -49*y + 579 + 401 = 0. Calculate the remainder when y is divided by 13.
7
Let t(d) be the third derivative of -7*d**2 + 0 + 1/6*d**3 + d**4 + 0*d. Calculate the remainder when 99 is divided by t(1).
24
Suppose 4*r = 8, -5*k + 35 - 9 = 3*r. Suppose -2*v - g = -k*v + 20, 3*v + g = 40. Suppose 0*l - v = -4*l. Calculate the remainder when 11 is divided by l.
2
Let a(s) = -s**2 - 29*s - 11. Calculate the remainder when 235 is divided by a(-28).
14
Suppose -4*a = 5*s - 26 + 16, 1 = -a - 3*s. Calculate the remainder when 38 is divided by a.
3
Let t(k) = k**3 - 11*k**2 + 28*k + 25. What is the remainder when t(9) is divided by 49?
17
Let z = -64 + 73. Suppose z*u - 3*u = 204. What is the remainder when u is divided by 7?
6
Suppose 2*w + 49 = -5*o + 306, -2*w + 2 = 0. Calculate the remainder when 95 is divided by o.
44
Let p = 542 - 469. Calculate the remainder when p is divided by 47.
26
Let f(q) = -8*q - 46. Calculate the remainder when f(-12) is divided by 15.
5
Suppose 5*y - 2*t - 92 = 0, 80 = 40*y - 37*y + 5*t. Calculate the remainder when 398 is divided by y.
18
What is the remainder when 546 is divided by (-27646)/(-506) - 4/(-11)?
51
Let r(m) = -m - 1. Let b be r(-1). Calculate the remainder when 5 - (50 - 5)/(-9) is divided by 3 + (b - (-9)/3).
4
Let r(v) = -v**2 + 26*v - 140. What is the remainder when 151 is divided by r(18)?
3
Suppose 4 = 10*q - 9*q. Suppose -45 = -q*w - w. What is the remainder when w is divided by 6?
3
Let n = -861 + 872. Calculate the remainder when 162 is divided by n.
8
Let z(t) = 38*t - 1. Calculate the remainder when z(7) is divided by 54.
49
Suppose -4*c = 2*r - 20, r - 4*c + 9 = -11. Calculate the remainder when (-1014)/(-24) + (-12)/(-16) is divided by (1 - r)*-1 + 12.
10
Let b(c) = -5*c + 17. Let f be b(4). Let l(x) = -19*x - 18. What is the remainder when l(f) is divided by 10?
9
Let x = -12 - -10. Let i be 12 + -15 + (-184)/x. Let l = i - 40. Calculate the remainder when l is divided by 25.
24
Suppose 26*l - 24*l - 1040 = 0. What is the remainder when l is divided by 18?
16
What is the remainder when 182 is divided by ((-1)/(-3) - 0)*(-6027)/(-41)?
35
Let p = 26 + -10. Let n(l) = -l**3 - 2*l**2 + 10*l + 9. What is the remainder when n(-6) is divided by p?
13
Suppose 512 = 160*q - 152*q. Calculate the remainder when 317 is divided by q.
61
Calculate the remainder when 129 is divided by (1*13)/((-86)/(-86)).
12
Let j(p) = -24*p + 5. Let c be j(-6). Let k = 97 - c. Let a = -21 - k. Calculate the remainder when a is divided by 16.
15
What is the remainder when 100/8*2 + (-7 - -7) is divided by 9?
7
Suppose -192 = -5*y + 173. Suppose -207*x + 211*x - 8 = 0. Suppose x*o - o = 2*b + 33, -o = -3*b - 37. What is the remainder when y is divided by o?
23
Let g = 25 + 135. Let n be (g/(-25))/(4/(-10)). Let f = -10 + n. Calculate the remainder when 11 is divided by f.
5
Suppose 150 = -5*r + 2*r - 3*v, -5*r - 4*v = 254. What is the remainder when 29 is divided by (1*15)/(r/(-36))?
9
Let o = -37 - -135. Let c = -38 + 65. Let p = 60 - c. What is the remainder when o is divided by p?
32
Let h(r) = -r. Let x be h(0). Suppose x = -u - 2*u + 564. Calculate the remainder when u is divided by 38.
36
Let v = 856 - 503. Suppose g - 1108 = -v. What is the remainder when 2/8 + g/20 is divided by 20?
18
Let t(s) = -12*s. Let n be t(1). Let y = -3 - n. Suppose 0 = 2*o - 4*m - 44, -o = -m - 2 - 21. What is the remainder when o is divided by y?
6
Let f(j) be the third derivative of j**5/30 - 7*j**4/12 - 4*j**3/3 - 23*j**2. What is the remainder when f(10) is divided by 6?
4
Suppose -2*d = 3*u - 21, -2*d = -3*d - 5*u - 7. Let o = d - 7. What is the remainder when 19 is divided by o?
8
Let c(t) = -8*t + 49. Suppose -4*y = -h + 10, -6*y = 2*h - 5*y - 11. Calculate the remainder when 148/h + (-2)/(-6) is divided by c(5).
7
Let d(v) be the third derivative of v**4/6 + 11*v**3/2 - v**2 - 1. Calculate the remainder when 94 is divided by d(0).
28
Let k be (-1 + 1)/(1/(-1)). Let a(w) = -2*w**2 + 41. What is the remainder when a(k) is divided by 23?
18
Let s = 38 - 21. Suppose -70*u + 68*u + 28 = -2*h, -21 = -4*u - 3*h. What is the remainder when s is divided by u?
8
Let y = 78 - -71. Suppose 0 = -6*s + s - 4*j + y, j = 1. Calculate the remainder when 85 is divided by s.
27
Let g(z) = -z**3 - 20*z**2 - 37*z - 2. What is the remainder when g(-18) is divided by 11?
5
Let y = 155 + -131. Calculate the remainder when 239 is divided by y.
23
Let u(p) = 18*p + 13. Let r(c) = -72*c - 51. Let t(j) = 4*r(j